divisor of 4880 and 13040.
80
What is the greatest common factor of 1108 and 25744657?
277
What is the greatest common divisor of 531 and 68712993?
531
Calculate the greatest common divisor of 60134463 and 25479.
1341
Calculate the greatest common divisor of 100622255 and 286955.
9895
Calculate the highest common factor of 13224 and 3684.
12
What is the highest common divisor of 39911 and 939888?
107
What is the highest common factor of 22 and 1577362?
2
What is the highest common divisor of 770616 and 1943964?
396
What is the highest common divisor of 1340972 and 5561316?
2564
Calculate the highest common factor of 918010 and 3030.
10
Calculate the highest common factor of 64032 and 2799138.
174
What is the greatest common factor of 60724344 and 178?
178
Calculate the greatest common factor of 5303050830 and 77.
77
What is the highest common factor of 521 and 1251?
1
Calculate the greatest common factor of 115921430 and 590.
590
Calculate the highest common factor of 12 and 101341068.
12
What is the greatest common factor of 43313160 and 24?
24
Calculate the highest common factor of 17319 and 269574.
753
Calculate the greatest common factor of 199878 and 37002.
42
What is the greatest common factor of 3003 and 58434915?
231
What is the greatest common factor of 5125231 and 95?
19
Calculate the highest common factor of 9068 and 332655046.
4534
Calculate the greatest common factor of 40287 and 108303.
39
What is the highest common divisor of 387 and 194329513?
43
What is the greatest common divisor of 1740 and 5763112?
116
What is the highest common divisor of 656112 and 5232?
48
What is the greatest common factor of 191340 and 13417186?
2126
Calculate the highest common divisor of 1219 and 20857757.
23
Calculate the greatest common divisor of 488992 and 4896.
32
What is the greatest common divisor of 91402 and 15778?
46
Calculate the greatest common divisor of 40273 and 36773987.
2369
Calculate the greatest common divisor of 56 and 6200824.
56
Calculate the highest common factor of 337945 and 1180.
5
What is the greatest common divisor of 6172 and 20271934?
3086
What is the greatest common divisor of 4956 and 726467?
413
What is the highest common divisor of 36 and 193038684?
12
Calculate the highest common factor of 82 and 343480862.
82
Calculate the highest common factor of 33322164 and 1095.
219
What is the greatest common divisor of 5333935 and 52675?
215
What is the greatest common divisor of 3211361 and 437?
19
Calculate the highest common factor of 528 and 20510556.
132
What is the greatest common factor of 172100 and 625700?
100
What is the highest common divisor of 397170536 and 40?
8
What is the highest common divisor of 37080 and 1991205?
45
What is the highest common divisor of 70 and 278114165?
35
Calculate the highest common divisor of 985768 and 2900.
116
What is the greatest common divisor of 5495007 and 16317?
147
What is the highest common factor of 314673346 and 26?
26
Calculate the highest common factor of 4559 and 180856.
47
Calculate the greatest common factor of 35541 and 192313.
11
What is the highest common factor of 350 and 718731475?
175
Calculate the highest common factor of 46970833 and 546.
91
Calculate the greatest common factor of 19415 and 9735.
55
What is the greatest common factor of 341 and 2875697?
11
What is the highest common divisor of 68 and 823968478?
34
What is the greatest common factor of 3146400 and 105165?
855
What is the greatest common factor of 2093 and 541359?
91
Calculate the highest common factor of 105 and 10642975.
35
Calculate the greatest common divisor of 597658 and 2869.
151
Calculate the highest common divisor of 464 and 295108988.
116
What is the greatest common divisor of 91049792 and 3712?
1856
Calculate the highest common divisor of 2508 and 86033596.
836
What is the greatest common factor of 32552824 and 136?
136
Calculate the highest common factor of 206416488 and 888.
888
What is the greatest common divisor of 3460 and 137160?
20
Calculate the greatest common divisor of 1251 and 29493.
9
Calculate the highest common divisor of 7269374 and 15554.
1414
Calculate the highest common divisor of 850 and 1058726.
34
What is the greatest common factor of 49 and 6749183?
7
What is the greatest common factor of 13891150 and 41860?
910
Calculate the highest common divisor of 42955372 and 10619.
1517
What is the highest common divisor of 2243575 and 255?
85
What is the greatest common factor of 6243740 and 320?
20
What is the greatest common factor of 158334759 and 561?
33
Calculate the greatest common divisor of 753420 and 301020.
1740
Calculate the highest common factor of 5246013 and 130152.
1479
What is the highest common factor of 34 and 1675066?
2
Calculate the greatest common factor of 84 and 52275279.
21
What is the highest common divisor of 1131587856 and 736?
368
What is the highest common factor of 7530768 and 112716?
1116
What is the highest common divisor of 379968 and 3072?
192
Calculate the greatest common divisor of 258453 and 13806.
117
What is the highest common divisor of 215226594 and 1132?
566
Calculate the highest common divisor of 1153 and 13600788.
1153
Calculate the highest common factor of 129632 and 58423522.
8102
What is the greatest common divisor of 224 and 35013272?
56
Calculate the greatest common divisor of 1890 and 3642705.
135
What is the highest common divisor of 12346544 and 84?
28
What is the highest common factor of 189504 and 389088?
2016
Calculate the highest common factor of 999 and 1806451.
37
What is the greatest common divisor of 3397448 and 46760?
1336
What is the highest common factor of 10548 and 187281?
9
Calculate the highest common divisor of 6440 and 134152760.
280
Calculate the greatest common factor of 335 and 15417355.
5
Calculate the highest common factor of 4767641 and 31150.
89
Calculate the highest common divisor of 3 and 4604682.
3
Calculate the greatest common factor of 35 and 2852086930.
35
What is the greatest common divisor of 29940 and 307012245?
7485
What is the greatest common factor of 3014071 and 305?
61
Calculate the highest common divisor of 2696662314 and 6291.
6291
Calculate the greatest common factor of 5359189 and 7807.
211
Calculate the highest common divisor of 20754778 and 2668.
58
Calculate the highest common divisor of 1878 and 203829669.
939
What is the greatest common divisor of 26707 and 89963315?
1571
What is the greatest common factor of 17787 and 581163?
363
Calculate the greatest common divisor of 177176421 and 12293.
647
What is the highest common factor of 9077650 and 50?
50
Calculate the greatest common divisor of 22707 and 22881.
87
What is the greatest common factor of 696 and 126846?
174
What is the highest common factor of 21968533 and 695?
139
Calculate the highest common factor of 6646448 and 4784.
368
Calculate the greatest common divisor of 52 and 40974011.
13
What is the greatest common factor of 54894132 and 516?
12
Calculate the greatest common divisor of 4939 and 3252107.
449
Calculate the greatest common divisor of 350672790 and 2.
2
Calculate the greatest common factor of 3058635 and 30.
15
What is the highest common divisor of 8558984 and 77?
7
What is the highest common divisor of 119 and 5383883?
17
What is the highest common factor of 3024 and 129136?
112
Calculate the greatest common factor of 63428 and 374602.
314
What is the highest common divisor of 148 and 78076?
4
Calculate the highest common divisor of 37309670 and 20.
10
What is the highest common factor of 1537602609 and 1623?
1623
Calculate the greatest common factor of 810 and 96192684.
162
Calculate the greatest common factor of 80 and 90070060.
20
Calculate the greatest common factor of 45702330 and 1410.
1410
Calculate the greatest common factor of 23170 and 33185.
5
What is the highest common divisor of 533 and 231153?
13
Calculate the highest common divisor of 270 and 12758985.
135
Calculate the highest common divisor of 802916 and 15204.
724
What is the highest common factor of 2176 and 5781598?
34
What is the highest common factor of 493 and 89705294?
493
Calculate the greatest common divisor of 842420 and 1516.
4
What is the greatest common factor of 2769822 and 34452?
594
What is the greatest common divisor o